git of f(t)?
2
Let c(p) = -192*p + 11. Let b be c(-3). Suppose 6*z = 229 + b. What is the units digit of z?
6
Let a be (-3)/4 - (-12)/16. Suppose 150 = -3*p + 3*z, z = 5*p - 3*z + 246. Let v = a - p. What is the units digit of v?
6
Suppose -9*q + 1654 = -17102. What is the hundreds digit of q?
0
Suppose 6*v + 4*v + 40 = 0. Let p(u) = -13*u + 18. What is the tens digit of p(v)?
7
Let u(s) be the third derivative of s**6/120 + s**5/5 - 7*s**4/12 - 8*s**3/3 + 6*s**2 - 2. What is the units digit of u(-11)?
9
Let t(d) = 125*d - 278. What is the hundreds digit of t(18)?
9
Let q(k) = -k**2 + 10*k - 8. Let d be q(7). Suppose -5*b = 2*u - 1, d = 3*u + b + 5. Suppose -u*w + 41 + 1 = 0. What is the tens digit of w?
1
Let p = -22 + 24. Let o be (4/5)/((-4)/(-10)). What is the units digit of (2/1 + o)/p?
2
Let a = 10 - -2. Let m(p) = p - 15. Let y be m(a). Let c = y + 8. What is the units digit of c?
5
Let b be (-130)/(-12) + 1/6. Suppose 6*j - b*j + 20 = 0. What is the units digit of j?
4
Let l(j) = -j**3 + 8*j**2 + 2*j - 8. Let n be l(9). Let a = -41 - n. What is the units digit of a?
0
Let k(o) = -o**3 - 6*o**2 - 8*o - 3. Let a be k(-4). Let u be 250/3 - 2/a. Suppose 3*i - y - u = -2*y, -5*y = 4*i - 112. What is the tens digit of i?
2
Let z = -4691 + 9259. What is the units digit of z?
8
Let v(w) = -20*w - 109. What is the hundreds digit of v(-19)?
2
Let x(y) = 43*y**2 + 5*y - 3. Let l be x(3). Let r be (-4)/22 + l/77. Suppose 0 = f - 5*j - 70 - 0, j = -r*f + 298. What is the tens digit of f?
6
Suppose -2*w = w - 3*v + 429, 0 = 3*v. Let s = -135 - w. What is the units digit of s?
8
Let s(k) = 7 - 17 + 5*k - 5*k + 2*k**2. Let o be s(6). Suppose o = 5*u - 28. What is the tens digit of u?
1
Let h(r) = 198*r - 447. What is the hundreds digit of h(7)?
9
Suppose 245 = 2*n + n - u, -u = -2*n + 163. What is the units digit of n?
2
Suppose -3 = 2*s - 3*i - 23, 5*i = -5*s. Suppose d + 3 = -j, s*d + 22 = -5*j + 6. Let w(b) = 65*b**3 - b**2 + b - 1. What is the tens digit of w(d)?
6
Let b(j) be the third derivative of -j**4/8 - j**3/3 - 2*j**2. Let g be b(-4). Suppose 0 = 3*l - g - 32. What is the tens digit of l?
1
What is the units digit of 2225/(10 - (1 + 8))?
5
Let o(n) be the third derivative of 0 - n**3 + 1/30*n**5 + 0*n - 5*n**2 - 1/6*n**4. What is the tens digit of o(5)?
2
Suppose 7*u = 2*u - 10. What is the units digit of ((-308)/70)/(u/10)?
2
Suppose 3*h - 138 = 5*n - 2224, 4*n = 4*h + 1664. What is the tens digit of n?
1
What is the units digit of (223/(-2))/(7/(-44 + 2))?
9
What is the hundreds digit of 125 + 20/6*(-66)/(-44)?
1
Let h be (-139)/(-4) - 1/(-4). What is the units digit of (h/2)/(-7)*-2?
5
Let v be 7/((-28)/8) + (1 - -5). What is the hundreds digit of v/(-6)*-6 + (5 - -265)?
2
Suppose 0 = -5*s - 0*s + 8625. What is the tens digit of s?
2
Suppose -5*i = 4*r - 1152, 0 = -2*r - 3*i + 47 + 527. What is the hundreds digit of r?
2
What is the units digit of ((-215 + -4)/(-3))/(-2)*-14?
1
Suppose 6*i = 567 + 117. Let l = -62 + i. What is the units digit of l?
2
Suppose 5*s + 4*y = 2*s + 1005, -4*s - 3*y = -1340. What is the tens digit of s?
3
What is the hundreds digit of 1361 + (9 - 1) + -4?
3
Let x be ((-4)/4)/(3/12). Let c(s) = s**3 + 5*s**2 + 3*s - 1. Let q be c(x). Suppose q*l + 3*n + 97 - 340 = 0, -3*l + n + 223 = 0. What is the tens digit of l?
7
Let a(m) = -m**3 + 40*m**2 + 26*m + 65. What is the hundreds digit of a(13)?
9
Let a = 18 + -16. Let u(s) = 16*s - 6. What is the tens digit of u(a)?
2
Let d = -7 - -12. Suppose 0 = z - q + 9, -q + 33 = -d*z - 0*q. What is the units digit of (-46)/z + 8/(-12)?
7
Let p(t) = -6*t - t - 3*t**2 - 3 + 11*t - t**3. What is the tens digit of p(-6)?
8
Let q(p) = -2*p**3 - 10*p**2 - 3*p - 4. Let k be q(-5). What is the tens digit of -11*1*(3 - k)?
8
Let d(y) = 17 + 3*y**2 - 4*y**2 - 7 + 9 - 19*y. What is the tens digit of d(-14)?
8
Let i be (24/30)/((-2)/(-20)). Suppose 4*y = 2*b + 14, -4*b + i = -2*y + 6*y. Suppose t = -y*t + 228. What is the tens digit of t?
5
Suppose -46*r + 6984 = -43*r + v, 0 = -v. What is the units digit of r?
8
Suppose 4*t = 4*o + 12 + 40, 5*t = o + 45. Suppose 5*c + 23 = x, -5*c + 0 = 4*x + t. Suppose 3 = -x*g, q + g + 2*g = 0. What is the units digit of q?
3
Suppose 0*k + c = 3*k - 89, -127 = -4*k + 3*c. Let o be 16/k*14/4. Suppose -r = 0, -y + 7 = o*r - 18. What is the tens digit of y?
2
Suppose 0*t + t = -5, 2*t - 68 = -2*x. Let c = x + -3. What is the units digit of c?
6
Suppose 6*y = -y + 21. Suppose y*x + 6 = -3*w, -4*w = -3*w - 5*x - 22. What is the units digit of w?
2
Suppose -11*b - 5*h + 423 = -7*b, h = 2*b - 215. What is the hundreds digit of b?
1
Suppose 5*p = -5*q + 17 - 2, 5*q - 15 = 5*p. Suppose 5*n - 39 = 2*z - q*z, 2*z = -5*n + 98. What is the units digit of z?
9
Let l(m) = -15*m**3 - 2*m + 1. Let q be l(1). Let n = q - -19. Let y(k) = 2*k + 2. What is the units digit of y(n)?
8
Let x(c) = -c**3 - 14*c**2 + 12*c - 15. Let z be 1/4 - (-61)/(-4). What is the units digit of x(z)?
0
Suppose 2*n + 4*n = 0. Suppose 0*t + 6*t + 198 = n. Let h = 55 + t. What is the units digit of h?
2
Let t = 59 - 63. What is the units digit of (250 - -8)*(-2)/t?
9
Suppose 0 = -0*s - s + 1. Let w be (s/1)/((-1)/3). What is the units digit of 35 + 3 + w - -3?
8
Let l = 104 + -58. Suppose -3*x - 4*u = -x - l, -5*x + 4*u = -73. What is the tens digit of x?
1
Let i(b) = 2*b**2 + 3 - 2*b**2 + 2*b**2 - 2 - 11*b. Let l be i(6). Let r = 25 + l. What is the units digit of r?
2
What is the thousands digit of -3 + 2555 - (2 + (-1 - -6))?
2
Let f(s) = -3*s**2 + 12*s - 27. Let z be f(7). Let c = 191 + z. What is the units digit of c?
1
Let m = -1223 + 2184. What is the tens digit of m?
6
Let z = 350 + -200. What is the units digit of z?
0
Let m be -2*(82/(-12) + 4)*3. Suppose 5*p - 5*y = 365, -5*y = 4*p - 273 + m. What is the tens digit of p?
6
Let u(h) = -7*h**2 + 7*h - 16. Let o(l) = -4*l**2 + 4*l - 8. Let b(z) = 5*o(z) - 3*u(z). What is the tens digit of b(-9)?
9
What is the hundreds digit of 71/(3/(-3))*(4 + -9)?
3
Let m(j) = -4*j**2 - 2*j**3 - 5*j + j**3 + 1 + j. Let k be (-8)/(-3)*(1 - (-10)/(-4)). What is the tens digit of m(k)?
1
Suppose 0 = x + 250 - 253. Let h = -3 - -7. Suppose 31 = 2*w + x*r - 25, 0 = 2*w - h*r - 70. What is the units digit of w?
1
Let v be (-6)/(-3)*-1 + 7. Suppose -2*h = -v*o + 3*h - 105, -5*h + 15 = 0. Let n = o + 25. What is the units digit of n?
7
Let q = -36 - -59. Suppose w = q - 0. What is the units digit of (-1 - -4) + w/1?
6
Let k(a) = 2*a - 6. Let v be k(2). What is the tens digit of 69 + v + -1 + 3?
6
Let d = 1341 - 886. What is the tens digit of d?
5
Suppose 3*u = 17*u - 56. Suppose 0 = -b + u*b - 432. What is the hundreds digit of b?
1
Let x be (((-84)/8)/7 - -4)*6. What is the units digit of (156/x)/(2/5 - 0)?
6
What is the tens digit of (-22 + 1)*(0 - (-472)/(-24))?
1
Let q = -260 + 439. Let g = q - 115. What is the tens digit of g?
6
Suppose 0 = 4*l - 284 + 72. Suppose -58*s = -l*s - 265. What is the tens digit of s?
5
Let n = -426 - -206. What is the tens digit of (-2)/(-1 + (-215)/n)?
8
Let p(s) = -s + 8. Let v be p(5). Suppose -z + 3*w - 2*w + 23 = 0, -v*w = -5*z + 125. What is the units digit of z?
8
Let o(t) = 20 + 38*t - 52*t - 62*t + 10*t. What is the units digit of o(-3)?
8
Suppose 25*d + 14 = 11*d. Let l(v) = 2*v + v**2 - 2 - 2*v**2 - 19*v**3 - 5*v. What is the units digit of l(d)?
9
Let f(r) = -r**2 + 7*r - 6. Let v be f(5). Suppose 0 = -10*h - v + 54. What is the units digit of h?
5
Suppose -3*q + 454 = 3*p - 50, -5 = -q. What is the tens digit of p?
6
Suppose 0 = 3*d - 4*n - 29, -5*d + 34 = -2*d - 5*n. Let f = 2 + d. Suppose 0 = f*a - 2*p - 54, -a - p + 2*p + 12 = 0. What is the units digit of a?
0
Suppose 3*g = -4*l + 381, -2*g = -l + 4*l - 286. Suppose 18*o - 14*o = l. What is the units digit of o?
4
What is the units digit of (1311/9 - 2) + (-16)/(-48)?
4
Let q(s) = -s**2 + 13*s + 10. Let u be q(13). Let w be 1/5 + 48/u. Suppose -y - 244 = -w*y. What is the tens digit of y?
6
Suppose -375 - 297 = 6*m. Let f = -75 - m. What is the units digit of f?
7
Let g = 34 - 26. Let j be (1 - -51) + (g - 6). What is the tens digit of j/(-5)*(11 - 16)?
5
Let n be (1/3)/(9/54). Suppose -n*m = -12*m + 1120. What is the hundreds digit of m?
1
Let s(x) = x